oes 48 divide 12537744?
True
Does 2929 divide 11015500?
False
Does 3 divide 83581512?
True
Is 107087610 a multiple of 114?
True
Is 5693 a factor of 1307289283?
True
Is 1093 a factor of 5157694?
False
Is 464 a factor of 3331056?
True
Is 434215580 a multiple of 14?
False
Is 13596688 a multiple of 2?
True
Is 23628915 a multiple of 150?
False
Is 59 a factor of 893378?
True
Does 120 divide 9424560?
True
Is 40 a factor of 112025202?
False
Is 18 a factor of 78257682?
True
Is 12480906 a multiple of 13?
False
Is 104 a factor of 509095496?
True
Is 173828340 a multiple of 171?
True
Is 28 a factor of 1161300?
True
Is 64918 a multiple of 3?
False
Is 295 a factor of 38289820?
True
Is 24 a factor of 19576056?
True
Is 292 a factor of 545900507?
False
Is 126411601 a multiple of 26?
False
Is 280 a factor of 1036675846?
False
Does 30 divide 117537960?
True
Is 193525109 a multiple of 212?
False
Is 84820764 a multiple of 6?
True
Is 2712422780 a multiple of 58?
True
Does 218 divide 1216667025?
False
Is 13201166 a multiple of 85?
False
Is 1800440 a multiple of 152?
True
Is 4571712 a multiple of 6?
True
Is 27 a factor of 8856847?
False
Does 17 divide 13339084?
True
Is 1584357346 a multiple of 6578?
True
Does 5 divide 2533549?
False
Does 287 divide 3318083?
False
Is 486898399 a multiple of 4925?
False
Does 1550 divide 38582508?
False
Does 4 divide 82458576?
True
Is 103052120 a multiple of 1565?
True
Does 1583 divide 8620895?
False
Is 1073 a factor of 15852502?
True
Is 22534959 a multiple of 13?
False
Is 1241 a factor of 426394163?
False
Does 79 divide 22970751?
True
Does 211 divide 317532995?
False
Is 170336595 a multiple of 26?
False
Does 1412 divide 196300476?
True
Is 309 a factor of 105302565?
True
Does 1392 divide 142132944?
True
Is 1390284 a multiple of 18?
True
Is 1446 a factor of 132668103?
False
Is 617844682 a multiple of 11?
False
Is 10 a factor of 12623984?
False
Does 2680 divide 624340840?
True
Does 420 divide 269960428?
False
Is 371 a factor of 16902760?
True
Does 112 divide 2730394?
False
Does 66 divide 46715363?
False
Is 12515840 a multiple of 10?
True
Does 7932 divide 1750394100?
True
Does 147 divide 21667472?
False
Is 3258557798 a multiple of 631?
False
Is 180828416 a multiple of 32?
True
Does 26 divide 212934602?
False
Is 786313350 a multiple of 90?
True
Is 100781010 a multiple of 99?
True
Is 366353199 a multiple of 1203?
True
Is 1570153 a multiple of 530?
False
Is 6475584 a multiple of 232?
True
Is 44 a factor of 29149428?
True
Is 21 a factor of 4078914?
True
Is 9 a factor of 634320633?
False
Does 4 divide 250863596?
True
Does 15 divide 12511599?
False
Is 862197693 a multiple of 548?
False
Is 166229250 a multiple of 125?
True
Is 240406880 a multiple of 1880?
True
Is 4 a factor of 247704193?
False
Is 967 a factor of 35411540?
True
Does 16 divide 696193312?
True
Does 12640 divide 1227015360?
True
Is 24436 a multiple of 2?
True
Is 44131725 a multiple of 15?
True
Is 66675348 a multiple of 123?
True
Is 43207424 a multiple of 1664?
True
Is 1540147602 a multiple of 18?
False
Does 13 divide 213220140?
False
Is 4246113751 a multiple of 1381?
False
Is 2 a factor of 1023657879?
False
Is 933 a factor of 2420202?
True
Is 3839 a factor of 453213145?
True
Is 2342 a factor of 875542648?
True
Does 1897 divide 364075064?
False
Is 19 a factor of 4193210563?
False
Is 28 a factor of 9334524?
False
Is 354 a factor of 72197108?
False
Is 2152 a factor of 1752121816?
True
Does 649 divide 130128394?
True
Is 153087841 a multiple of 229?
False
Is 3057665145 a multiple of 1987?
True
Is 79177308 a multiple of 812?
True
Does 5493 divide 2909922243?
True
Does 24 divide 6523389552?
True
Is 17286464 a multiple of 2528?
True
Is 2 a factor of 108859584?
True
Does 290 divide 1045229418?
False
Is 10476466 a multiple of 639?
False
Is 30 a factor of 39548215?
False
Is 394 a factor of 6092028?
True
Is 786663816 a multiple of 3415?
False
Does 217 divide 867773452?
True
Is 21742288 a multiple of 16?
True
Is 190 a factor of 266085310?
True
Is 474259032 a multiple of 8?
True
Is 17455303 a multiple of 1007?
False
Does 351 divide 476732993?
False
Is 418 a factor of 2670927622?
True
Does 7 divide 158111555?
True
Is 70 a factor of 1305220630?
True
Is 1099397914 a multiple of 11?
False
Does 47 divide 6914183959?
True
Does 4428 divide 66864625?
False
Is 755330917 a multiple of 3378?
False
Is 455 a factor of 9671025?
True
Is 36 a factor of 220551876?
True
Does 1876 divide 5286353?
False
Is 862375 a multiple of 9?
False
Is 8794149 a multiple of 7?
True
Is 5012065296 a multiple of 28?
True
Is 27540177 a multiple of 1311?
True
Does 4076 divide 207562148?
True
Is 46 a factor of 243550280?
False
Is 311590 a multiple of 935?
False
Does 78 divide 11944140?
True
Does 21 divide 48845307?
True
Is 27658368 a multiple of 4?
True
Is 32 a factor of 1309760694?
False
Does 1248 divide 100425814?
False
Is 2615 a factor of 853818420?
True
Is 380 a factor of 27488544?
False
Is 3295116 a multiple of 9?
True
Is 14 a factor of 35389088?
True
Does 78 divide 3118849266?
True
Is 509 a factor of 8972919?
False
Is 22317822 a multiple of 4?
False
Does 183 divide 209611563?
False
Does 180 divide 2896414?
False
Is 25513664 a multiple of 64?
True
Is 1539527026 a multiple of 15?
False
Is 244 a factor of 13184127?
False
Does 521 divide 160239281?
True
Is 29 a factor of 2686531?
True
Is 34 a factor of 171677?
False
Does 10 divide 3821081?
False
Is 486 a factor of 239677704?
True
Is 293355205 a multiple of 533?
True
Is 724 a factor of 219959888?
True
Is 22 a factor of 2512523311?
False
Is 380499867 a multiple of 363?
True
Is 958353412 a multiple of 903?
False
Does 1002 divide 4544893160?
False
Is 498937352 a multiple of 788?
False
Is 47555356 a multiple of 172?
False
Is 5 a factor of 844627888?
False
Is 724 a factor of 15271332?
True
Does 4 divide 19277056?
True
Is 123 a factor of 138120226?
False
Is 1081133920 a multiple of 2320?
True
Is 12 a factor of 3210642626?
False
Is 974888952 a multiple of 422?
False
Is 3565 a factor of 1042760838?
False
Is 16 a factor of 1311784256?
True
Is 620 a factor of 13652294?
False
Is 147 a factor of 500885511?
False
Is 510357422 a multiple of 8101?
False
Is 440 a factor of 70011365?
False
Is 10377768 a multiple of 96?
False
Is 10 a factor of 1242790?
True
Is 41100215 a multiple of 139?
True
Is 9 a factor of 27681141?
False
Does 21 divide 12070073?
False
Is 133342176 a multiple of 6?
True
Is 7496018 a multiple of 144?
False
Does 1293 divide 20280705?
True
Does 357 divide 19005966?
True
Is 2 a factor of 40199409?
False
Does 94 divide 88061066?
False
Is 667 a factor of 78208418?
True
Is 191 a factor of 93374570?
False
Does 7789 divide 249201266?
True
Is 3025678802 a multiple of 405?
False
Is 47 a factor of 15321025?
False
Is 77392766 a multiple of 973?
False
Is 212852660 a multiple of 73?
False
Does 214 divide 1706205618?
False
Is 230855036 a multiple of 25?
False
Is 1776754245 a multiple of 7?
True
Is 425810116 a multiple of 163?
True
Does 9 divide 24764190?
False
Is 1742808617 a multiple of 306?
False
Is 7120550 a multiple of 53?
True
Is 432 a factor of 39591072?
True
Is 727121256 a multiple of 8?
True
Does 18 divide 935674738?
False
Is 231 a factor of 246993747?
True
Is 19560170 a multiple of 14?
True
Is 4957823232 a multiple of 128?
True
Is 1555692 a multiple of 6?
True
Is 535266576 a multiple of 142?
False
Is 1588589730 a multiple of 315?
True
Is 245814569 a multiple of 259?
True
Is 396 a factor of 1090927595?
False
Is 2225 a factor of 3875945550?
True
Does 9 divide 21466996?
False
Does 2 divide 14066826?
True
Is 3514 a factor of 3471439024?
False
Is 114 a factor of 239119768?
False
Is 1416021414 a multiple of 1983?
False
Is 459135936 a multiple of 4032?
True
Does 696 divide 61060776?
True
Is 7 a factor of 48053695?
False
Is 231 a factor of 11163306?
True
Is 5 a factor of 6470174?
False
Is 13561444 a multiple of 44?
False
Is 10 a factor of 262729759?
False
Is 34 a factor of 195580565?
False
Is 213 a factor of 3125406602?
False
Does 521 divide 84294674?
True
Does 304 divide 31368240?
True
Is 142 a factor of 31399892?
True
Is 42061536 a multiple of 272?
True
Does 688 divide 9201312?
True
Is 150 a factor of 264785453?
False
Does 8 divide 9259227?
False
Is 127 a factor of 2250728671?
True
Does 16 di